d j?
39
Suppose 3*q - 2*q = 2*s + 24, 3*q - 4*s = 74. Calculate the greatest common factor of 208 and q.
26
Let g be (24/(-16)*-40)/((-4)/(-6)). Suppose 3*c - 4 = 2*c. Suppose -c*j + j = -30. Calculate the highest common factor of j and g.
10
Suppose -225 = -9*i + 4*i. Suppose 63 = 2*j - i. What is the highest common divisor of 27 and j?
27
Let t = -733 - -496. Let j = t + 337. What is the greatest common factor of 40 and j?
20
Let n = -1 + -7. Let f be -3*(-2)/n*-4. Calculate the highest common factor of f and 33.
3
Suppose -3*x + 5*n = -99, 5*n = 3*n - 6. Suppose -2*u + 2*a = a - x, -5*a = -4*u + 56. What is the greatest common divisor of 126 and u?
14
Suppose 3*m + 5*k + 4356 = 0, 2904 = m - 3*m + 2*k. Let a be (-6)/(-27) + m/(-27). Calculate the greatest common factor of 6 and a.
6
Let v be (0 - -14) + -1*4. What is the highest common divisor of v and 40?
10
Let k be ((-22)/12)/11 + (-1718)/(-12). Calculate the greatest common factor of 13 and k.
13
Let b = -9 + 29. Calculate the greatest common factor of 10 and b.
10
Suppose 3*x - 112 = -t - 3, 0 = x + 2*t - 38. What is the greatest common factor of x and 27?
9
Suppose 0 = w, -5*x - 2*w + 6*w + 30 = 0. What is the greatest common factor of 138 and x?
6
Suppose 7*h - 659 = 13. What is the greatest common divisor of 6 and h?
6
Let k be 0/1 - (-65 - -1). Suppose -k = 2*i - 4*i. What is the greatest common factor of i and 4?
4
Suppose -a - 5*r = -r - 35, -3*a = -r - 40. Let p(i) = 11*i**2 + 13*i**2 - 2*i**2 + i + 22*i**2. Let z be p(1). Calculate the highest common factor of a and z.
15
Let d be 2/(3 - 4) - -312. Suppose -4*g = 2*q - d, -3*g + 4*q = -7*g + 300. What is the greatest common divisor of g and 10?
10
Let j be (-3174)/(-24) + (-4)/16. Calculate the highest common divisor of 88 and j.
44
Let u be (1 - 0) + 15/3. Suppose -l + 2*b = -2*l + 8, -2 = 2*b. Let d be 12/5*(l + -5). Calculate the highest common divisor of u and d.
6
Suppose 6*i - 51 = 21. Let n = 1078 - 1664. Let d be (-6)/(-21) - n/7. Calculate the highest common divisor of i and d.
12
Let n be 3/2 + (-23)/2. Let s be (-157)/(-5) - n/(-25). Suppose -3*k - 1 + s = 3*p, -5*k = 2*p - 38. Calculate the greatest common factor of 15 and k.
3
Suppose 150 = k + 4*k. Suppose 0*y - 685 = -5*y. Let z be y/3 + 2/(-3). What is the highest common factor of k and z?
15
Let z(f) = -16*f + 1. Let a be z(-3). Calculate the highest common divisor of a and 7.
7
Let k(c) = 12*c**2 + c + 1. Let y be k(-2). Suppose 0 = -2*v + 133 + y. Calculate the greatest common divisor of v and 10.
10
Suppose -5*l - 2*m + 6 = -8, l = 3*m + 13. Let w be 2 + 5 - l - -8. Calculate the highest common factor of w and 77.
11
Let g(p) = -p + 41. Let t be g(-23). Calculate the highest common factor of 16 and t.
16
Let l(f) = -18*f. Let t be l(-5). Calculate the highest common factor of 18 and t.
18
Let u(z) = 3*z**2 + 2*z - 1. Let x be u(2). Suppose -2*s + 43 = 31. Calculate the highest common divisor of x and s.
3
Let l be (4 - 2)/(2/227). Suppose 3*k = 4 + l. Calculate the greatest common factor of 7 and k.
7
Let f be 12*3/(-12)*-4. Calculate the highest common factor of 24 and f.
12
Let i = -3 - -10. Let o = i + 10. What is the greatest common factor of o and 119?
17
Let w = 12 - -6. Calculate the highest common factor of w and 18.
18
Let x = -8 - -11. Suppose -50 = -2*u - x*u. What is the greatest common factor of 25 and u?
5
Let c(m) = m**3 + 7*m**2 + 4*m + 5. Let j be c(-3). What is the highest common divisor of j and 58?
29
Let y be (-78 + -2)*3/(-6). Suppose -8 + y = 2*s. Calculate the highest common divisor of s and 16.
16
Let s be ((-2 - 3)*1)/(-1). What is the highest common factor of s and 45?
5
Let w(s) = s**3 - 6*s**2 - 9*s + 28. Let u be w(8). Calculate the greatest common divisor of u and 28.
28
Let c be 436/(-8) + 2/4. Let h be (c/(-8))/((-3)/(-32)). Suppose -26 = -4*k + 6. What is the greatest common divisor of k and h?
8
Let z = 23 - 15. Let g(y) = 3*y - 8. Let k be g(z). Calculate the greatest common factor of 16 and k.
16
Let b be 1/4*90*4/5. Calculate the highest common factor of b and 162.
18
Suppose -4*h = -6*h + 690. Let f = h + -169. What is the highest common divisor of 16 and f?
16
Suppose 3*h - 5*t - 50 = 0, 3*t + 22 = 5*h - 40. Suppose 0 = o + 3, c + 0*o + o + 1 = 0. What is the greatest common divisor of c and h?
2
Suppose 28 - 8 = 5*g. Let n be (-2)/(-4) - (-222)/g. Calculate the highest common divisor of n and 8.
8
Let c be (-140)/(-8)*(-12)/(-10). Let x = -12 + c. What is the greatest common divisor of 3 and x?
3
Suppose -2*n + 22 + 20 = -y, -54 = -2*n - 5*y. Suppose v - 2*t - 13 = 0, 0 = -t + 4*t + 3. Calculate the greatest common factor of n and v.
11
Let v be (4/(-3))/(-4)*9. Let a(z) = 6*z - 4. Let d be a(v). Suppose 4*j + 36 = s, 41 = s + 3*j - 30. Calculate the highest common factor of s and d.
14
Let u be (-8)/4*(-11 + 4). Let y(a) = 5*a**2 + 4*a + 7. Let n be y(-5). What is the greatest common divisor of u and n?
14
Suppose 3*u - 7 - 14 = 0. Let n = -15 + 71. Calculate the greatest common factor of n and u.
7
Let r(v) = -6*v + 22. Let w be r(2). Calculate the highest common factor of w and 45.
5
Let c(v) = v**3 - v**2 + v + 21. Let a be c(0). Suppose 2*g - 21 = g. What is the greatest common divisor of a and g?
21
Let r be -2*(-2)/(-14) + 508/14. Calculate the greatest common divisor of r and 36.
36
Let m be (-1)/((-1)/((-2)/(-1))). Let u = m - -19. Let j be ((-105)/(-25))/(1/5). Calculate the highest common factor of j and u.
21
Suppose -115*w + 32 = -111*w. Calculate the greatest common factor of 32 and w.
8
Suppose 2 = 5*p - 3. Let t(g) = g**2 + 6*g + 2. Let k be t(-6). Let o be ((-48)/(-15))/(k/5). Calculate the highest common divisor of o and p.
1
Let c be (1/2)/((-3)/(-18)). Let n be ((-1)/c)/((-4)/60). Calculate the greatest common factor of n and 40.
5
Suppose -23*g = -17*g - 24. Calculate the greatest common divisor of g and 4.
4
Let p = -47 + 55. Let k(n) = 9*n - 2. Let g be k(2). What is the highest common factor of p and g?
8
Suppose -5*r = 3 + 2. Let a = r - -14. Suppose u - 2*u = -117. What is the highest common factor of a and u?
13
Let f = 22 + -7. Let m be ((-18)/f)/(6/(-20)). Let z(i) = 13*i + 1. Let a be z(3). Calculate the greatest common factor of a and m.
4
Suppose -4*k + 11 = -n, -2*k - 4*n = -2*n - 18. Let f = 0 + 0. Let l be 33 - (1 - (0 - f)). Calculate the greatest common divisor of l and k.
4
Let l be ((-21)/(-1))/((-2)/(-4)). Suppose -c - l = -m + 3*c, -c + 39 = 2*m. What is the highest common factor of m and 44?
22
Let d be (-4)/((-16)/84)*2. Calculate the greatest common factor of d and 56.
14
Let q be 4/10 - 398/(-5). Let u(i) = i**2 + 20*i + 10. Let d be u(-20). What is the greatest common divisor of q and d?
10
Suppose 51*k = 48*k + 24. What is the highest common divisor of k and 56?
8
Suppose -z - 100 = -6*z. Suppose -t = 2*m + 2, 2 = -4*t - 4*m - m. Suppose 0 = -0*d - d + 1, t*d - 182 = -n. What is the highest common factor of n and z?
20
Let u = 102 + -12. Suppose -k = r + 3*k - 18, -4*k = 3*r - 38. Calculate the highest common factor of r and u.
10
Suppose 5*r + 17 = -2*m, 4*m + 11 = 3*m - 3*r. Let d = m - 3. Let v be (8/(-12))/(4/(-42)). Calculate the highest common divisor of v and d.
1
Let n(f) be the third derivative of -3*f**4/4 - f**3/2 + 4*f**2. Let u be n(-2). Let p = 10 - -1. Calculate the greatest common divisor of u and p.
11
Let z = -13 - -18. Suppose -4*f + 45 = 5*b, f + 35 = z*f + 3*b. Let d = f - -3. What is the greatest common factor of d and 24?
8
Let y = 132 + -48. Let r = 23 + 25. Suppose -3*d = d - r. Calculate the highest common divisor of d and y.
12
Suppose 0 = 5*l + 5 + 15. Let r be 241/3 - l/6. Let g = 24 + -15. Calculate the greatest common divisor of r and g.
9
Let s be 10 - (0 + -1)*-5. What is the highest common factor of s and 135?
5
Suppose 4*z - 4 = -0*z. Let s be ((-2)/(-6))/(z/51). What is the greatest common factor of 136 and s?
17
Let c(i) = 2*i - 25. Let n be c(15). Calculate the greatest common divisor of n and 5.
5
Suppose -3*c - 3*m - 1 = -2*c, 3*c + 4*m - 12 = 0. Calculate the highest common divisor of 24 and c.
8
Suppose -10*j + 65 = -5*j. Calculate the highest common factor of j and 13.
13
Let i be 3*35/(-6)*24/(-60). What is the greatest com